9, 317, 347
List the prime factors of 989060726.
2, 494530363
What are the prime factors of 5722895063?
5722895063
List the prime factors of 206372493.
3, 3203, 7159
What are the prime factors of 31698970?
2, 5, 1171, 2707
List the prime factors of 1653631075.
5, 1987, 33289
What are the prime factors of 62131501?
19, 1217, 2687
List the prime factors of 58049142.
2, 3, 19, 509203
List the prime factors of 27233665.
5, 37, 147209
What are the prime factors of 1213858?
2, 97, 6257
What are the prime factors of 698624967?
3, 47, 2243
What are the prime factors of 810326003?
19, 1753, 24329
List the prime factors of 1434931022.
2, 7, 829, 123637
What are the prime factors of 931962469?
931962469
What are the prime factors of 91177393?
91177393
List the prime factors of 946522610.
2, 5, 11, 8604751
List the prime factors of 28444463.
19, 199, 7523
What are the prime factors of 600249931?
31, 19362901
List the prime factors of 3950914280.
2, 5, 71, 109, 12763
List the prime factors of 6968643651.
3, 317, 593, 1373
List the prime factors of 1674702912.
2, 3, 17, 513083
List the prime factors of 841482932.
2, 17, 12374749
What are the prime factors of 24934875?
3, 5, 7, 23, 59
What are the prime factors of 33675929?
7, 17, 282991
List the prime factors of 2529479114.
2, 617, 2049821
What are the prime factors of 606882813?
3, 17, 3323, 3581
List the prime factors of 4848208.
2, 303013
List the prime factors of 206126723.
11, 1087, 17239
List the prime factors of 74123085.
3, 5, 19, 260081
List the prime factors of 46181434.
2, 13, 1776209
List the prime factors of 80565095.
5, 13, 37, 139, 241
What are the prime factors of 188347117?
7, 67, 401593
What are the prime factors of 38638898?
2, 881, 21929
What are the prime factors of 21260548?
2, 1459, 3643
What are the prime factors of 210878652?
2, 3, 17573221
What are the prime factors of 140901015?
3, 5, 17, 552553
What are the prime factors of 5532763430?
2, 5, 6553, 84431
List the prime factors of 238553647.
877, 272011
What are the prime factors of 31030581?
3, 67, 263, 587
What are the prime factors of 1166168162?
2, 1033, 564457
What are the prime factors of 303574878?
2, 3, 31, 60449
List the prime factors of 7393026777.
3, 103, 139, 172127
What are the prime factors of 3907953252?
2, 3, 7, 2215393
List the prime factors of 101725902.
2, 3, 709, 2657
List the prime factors of 918924558.
2, 3, 153154093
What are the prime factors of 1304739584?
2, 23, 37, 53, 113
List the prime factors of 1152123445.
5, 11, 4003, 5233
What are the prime factors of 294065806?
2, 147032903
What are the prime factors of 39642305?
5, 7928461
List the prime factors of 350806357.
11, 1949, 16363
What are the prime factors of 248905072?
2, 13, 509, 2351
List the prime factors of 203939619.
3, 13, 71, 73651
What are the prime factors of 72513655?
5, 59, 409, 601
List the prime factors of 294915458.
2, 147457729
What are the prime factors of 471853539?
3, 47, 371831
What are the prime factors of 21146404?
2, 79, 66919
What are the prime factors of 68018649?
3, 17, 149, 8951
What are the prime factors of 460500315?
3, 5, 11, 41, 68071
What are the prime factors of 123033646?
2, 1637, 37579
What are the prime factors of 62462842?
2, 13, 19, 126443
What are the prime factors of 45089481?
3, 1531, 9817
List the prime factors of 165859179.
3, 55286393
What are the prime factors of 130238606?
2, 59, 433, 2549
What are the prime factors of 285991289?
17, 1021, 16477
List the prime factors of 2572068736.
2, 43, 313, 1493
What are the prime factors of 365182380?
2, 3, 5, 103, 19697
List the prime factors of 49681213.
49681213
What are the prime factors of 29201931?
3, 11, 98323
What are the prime factors of 212293578?
2, 3, 7, 227, 3181
List the prime factors of 117021054.
2, 3, 383, 50923
List the prime factors of 5035071697.
5035071697
What are the prime factors of 2020487345?
5, 89, 1621, 2801
List the prime factors of 281516034.
2, 3, 46919339
List the prime factors of 1611144513.
3, 11, 1808243
What are the prime factors of 67085402?
2, 5471, 6131
List the prime factors of 126854995.
5, 25370999
What are the prime factors of 1571734678?
2, 7753, 101363
What are the prime factors of 4081242599?
7, 1097, 531481
List the prime factors of 103154122.
2, 51577061
What are the prime factors of 558864028?
2, 23, 47, 307, 421
What are the prime factors of 48515641?
59, 822299
What are the prime factors of 2144212?
2, 7, 76579
What are the prime factors of 3433781891?
89, 38581819
What are the prime factors of 897344138?
2, 448672069
List the prime factors of 11653430.
2, 5, 41, 43, 661
What are the prime factors of 78666125?
5, 29, 21701
List the prime factors of 352361057.
17, 89, 463, 503
List the prime factors of 196152390.
2, 3, 5, 7, 19, 2341
What are the prime factors of 248764634?
2, 124382317
What are the prime factors of 4871600599?
4871600599
What are the prime factors of 469867956?
2, 3, 39155663
What are the prime factors of 2055205117?
7, 3709, 79159
What are the prime factors of 77536939?
77536939
List the prime factors of 4211954.
2, 17, 73, 1697
What are the prime factors of 1166857935?
3, 5, 77790529
List the prime factors of 1198054564.
2, 7, 163, 262501
What are the prime factors of 207459513?
3, 23051057
List the prime factors of 1826125785.
3, 5, 11, 3689143
What are the prime factors of 1565095430?
2, 5, 761, 205663
List the prime factors of 1312121016.
2, 3, 18223903
What are the prime factors of 32951136?
2, 3, 47, 67, 109
What are the prime factors of 30052197?
3, 7, 477019
List the prime factors of 939024908.
2, 151, 401, 3877
What are the prime factors of 357069288?
2, 3, 1297, 11471
List the prime factors of 27546472.
2, 211, 16319
What are the prime factors of 686000815?
5, 61, 2249183
List the prime factors of 19747154.
2, 7, 359, 3929
What are the prime factors of 2781924082?
2, 7, 199, 998537
What are the prime factors of 286359929?
839, 341311
What are the prime factors of 423760839?
3, 61, 73, 31721
What are the prime factors of 239774988?
2, 3, 19981249
What are the prime factors of 185676035?
5, 37135207
What are the prime factors of 103437248?
2, 17, 95071
What are the prime factors of 234789610?
2, 5, 11, 61, 3181
List the prime factors of 3454348120.
2, 5, 37, 2334019
List the prime factors of 10357278.
2, 3, 641, 2693
What are the prime factors of 64644092?
2, 16161023
List the prime factors of 46254352.
2, 2890897
What are the prime factors of 1705815583?
29, 131, 277, 1621
What are the prime factors of 456150396?
2, 3, 13, 29, 100829
List the prime factors of 60230992.
2, 3764437
What are the prime factors of 50851651?
50851651
What are the prime factors of 530904654?
2, 3, 7, 41, 102769
List the prime factors of 53941336.
2, 47, 143461
What are the prime factors of 192749031?
3, 7138853
List the prime factors of 258574082.
2, 13, 9945157
List the prime factors of 21779204.
2, 5444801
What are the prime factors of 531479641?
7, 11, 61, 113153
What are the prime factors of 61833280?
2, 5, 199, 971
List the prime factors of 297096486.
2, 3, 547, 90523
What are the prime factors of 44907045?
3, 5, 73, 41011
List the prime factors of 134334832.
2, 577, 14551
What are the prime factors of 730241962?
2, 5927, 61603
List the prime factors of 1104517157.
1104517157
What are the prime factors of 333653024?
2, 59, 79, 2237
List the prime factors of 58745718.
2, 3, 313, 10427
List the prime factors of 494353887.
3, 947, 174007
What are the prime factors of 501025055?
5, 89, 1125899
What are the prime factors of 30276437?
659, 45943
What are the prime factors of 24943357?
24943357
What are the prime factors of 34372496?
2, 109, 19709
List the prime factors of 1915536772.
2, 1549, 309157
List the prime factors of 574451383.
11, 83, 269, 2339
What are the prime factors of 246912880?
2, 5, 43, 71777
List the prime factors of 47703324.
2, 3, 3975277
What are the prime factors of 6112750445?
5, 8053, 151813
What are the prime factors of 228681828?
2, 3, 163, 38971
List the prime factors of 571816054.
2, 285908027
List the prime factors of 323691712.
2, 181, 27943
What are the prime factors of 1624943533?
601, 2703733
List the prime factors of 2042733689.
2903, 703663
List the prime factors of 265645587.
